{"id":39,"date":"2013-10-30T01:18:24","date_gmt":"2013-10-30T05:18:24","guid":{"rendered":"http:\/\/oneupprod.com\/?page_id=39"},"modified":"2022-07-20T01:05:44","modified_gmt":"2022-07-20T05:05:44","slug":"underground-fest","status":"publish","type":"page","link":"http:\/\/oneupprod.com\/?page_id=39","title":{"rendered":"Underground Fest"},"content":{"rendered":"<div id=\"pl-39\"  class=\"panel-layout\" ><div id=\"pg-39-0\"  class=\"panel-grid panel-no-style\" ><div id=\"pgc-39-0-0\"  class=\"panel-grid-cell\" ><div id=\"panel-39-0-0-0\" class=\"so-panel widget widget_headline-widget panel-first-child panel-last-child\" data-index=\"0\" >\t\t<h1>UNDERGROUND FEST<\/h1>\n\t\t<div class=\"decoration\"><div class=\"decoration-inside\"><\/div><\/div>\n\t\t<h3>Rimouski, QC - Depuis 2009<\/h3>\n\t\t<\/div><\/div><\/div><div id=\"pg-39-1\"  class=\"panel-grid panel-no-style\" ><div id=\"pgc-39-1-0\"  class=\"panel-grid-cell\" ><div id=\"panel-39-1-0-0\" class=\"so-panel widget widget_widget_sp_image widget_sp_image panel-first-child\" data-index=\"1\" ><img loading=\"lazy\" decoding=\"async\" width=\"720\" height=\"480\" class=\"attachment-large aligncenter\" style=\"max-width: 100%;\" srcset=\"http:\/\/oneupprod.com\/wp-content\/uploads\/2018\/02\/ORG_DSC02838_low-1024x682.jpg 1024w, http:\/\/oneupprod.com\/wp-content\/uploads\/2018\/02\/ORG_DSC02838_low-300x200.jpg 300w, http:\/\/oneupprod.com\/wp-content\/uploads\/2018\/02\/ORG_DSC02838_low-768x511.jpg 768w, http:\/\/oneupprod.com\/wp-content\/uploads\/2018\/02\/ORG_DSC02838_low-272x182.jpg 272w\" sizes=\"auto, (max-width: 720px) 100vw, 720px\" src=\"http:\/\/oneupprod.com\/wp-content\/uploads\/2018\/02\/ORG_DSC02838_low-1024x682.jpg\" \/><\/div><div id=\"panel-39-1-0-1\" class=\"so-panel widget widget_widget_sp_image widget_sp_image panel-last-child\" data-index=\"2\" ><img loading=\"lazy\" decoding=\"async\" width=\"720\" height=\"404\" class=\"attachment-large aligncenter\" style=\"max-width: 100%;\" srcset=\"http:\/\/oneupprod.com\/wp-content\/uploads\/2018\/02\/ORG_DSC02764_low-1024x575.jpg 1024w, http:\/\/oneupprod.com\/wp-content\/uploads\/2018\/02\/ORG_DSC02764_low-300x168.jpg 300w, http:\/\/oneupprod.com\/wp-content\/uploads\/2018\/02\/ORG_DSC02764_low-768x431.jpg 768w\" sizes=\"auto, (max-width: 720px) 100vw, 720px\" src=\"http:\/\/oneupprod.com\/wp-content\/uploads\/2018\/02\/ORG_DSC02764_low-1024x575.jpg\" \/><\/div><\/div><div id=\"pgc-39-1-1\"  class=\"panel-grid-cell\" ><div id=\"panel-39-1-1-0\" class=\"so-panel widget widget_text panel-first-child\" data-index=\"3\" ><h3 class=\"widget-title\">La Mission<\/h3>\t\t\t<div class=\"textwidget\"><p>L\u2019\u00e9v\u00e9nement de deux journ\u00e9es mise \u00e0 mettre en valeur la sc\u00e8ne locale ainsi qu\u2019\u00e0 donner une bonne visibilit\u00e9 aux artistes \u00e9mergents de la r\u00e9gion et du Qu\u00e9bec. Unique en son genre, l\u2019\u00e9v\u00e9nement se d\u00e9roule chaque ann\u00e9e entre No\u00ebl et le jour de l&#8217;an afin de profiter de l&#8217;ambiance festive des f\u00eates.<\/p>\n<\/div>\n\t\t<\/div><div id=\"panel-39-1-1-1\" class=\"so-panel widget widget_text\" data-index=\"4\" ><h3 class=\"widget-title\">L&#8217;envergure<\/h3>\t\t\t<div class=\"textwidget\"><p>Le Underground Fest est rapidement devenu un \u00e9v\u00e9nement d&#8217;importance \u00e0 l&#8217;\u00e9chelle provinciale. \u00c9tant un projet ind\u00e9pendant, presque totalement auto-financ\u00e9 par l&#8217;organisation, plus de 400 spectateurs se d\u00e9placent chaque ann\u00e9e pour venir y d\u00e9couvrir de nouveaux groupes \u00e9mergents.<\/p>\n<\/div>\n\t\t<\/div><div id=\"panel-39-1-1-2\" class=\"so-panel widget widget_origin_button panel-last-child\" data-index=\"5\" ><div class=\"origin-widget origin-widget-button origin-widget-button-simple-orange align-center\"><a href=\"http:\/\/undergroundfest.com\" target=\"_blank\" rel=\"noopener noreferrer\">\n\tSite Web<\/a>\n<\/div><\/div><\/div><\/div><\/div>","protected":false},"excerpt":{"rendered":"<p>L\u2019\u00e9v\u00e9nement de deux journ\u00e9es mise \u00e0 mettre en valeur la sc\u00e8ne locale ainsi qu\u2019\u00e0 donner une bonne visibilit\u00e9 aux artistes \u00e9mergents de la r\u00e9gion et du Qu\u00e9bec. Unique en son genre, l\u2019\u00e9v\u00e9nement se d\u00e9roule chaque ann\u00e9e entre No\u00ebl et le jour de l&#8217;an afin de profiter de l&#8217;ambiance festive des f\u00eates. Le Underground Fest est [&hellip;]<\/p>\n","protected":false},"author":1,"featured_media":0,"parent":0,"menu_order":0,"comment_status":"closed","ping_status":"open","template":"templates\/template-full-notitle.php","meta":{"footnotes":""},"class_list":["post-39","page","type-page","status-publish","hentry","post"],"_links":{"self":[{"href":"http:\/\/oneupprod.com\/index.php?rest_route=\/wp\/v2\/pages\/39","targetHints":{"allow":["GET"]}}],"collection":[{"href":"http:\/\/oneupprod.com\/index.php?rest_route=\/wp\/v2\/pages"}],"about":[{"href":"http:\/\/oneupprod.com\/index.php?rest_route=\/wp\/v2\/types\/page"}],"author":[{"embeddable":true,"href":"http:\/\/oneupprod.com\/index.php?rest_route=\/wp\/v2\/users\/1"}],"replies":[{"embeddable":true,"href":"http:\/\/oneupprod.com\/index.php?rest_route=%2Fwp%2Fv2%2Fcomments&post=39"}],"version-history":[{"count":27,"href":"http:\/\/oneupprod.com\/index.php?rest_route=\/wp\/v2\/pages\/39\/revisions"}],"predecessor-version":[{"id":209,"href":"http:\/\/oneupprod.com\/index.php?rest_route=\/wp\/v2\/pages\/39\/revisions\/209"}],"wp:attachment":[{"href":"http:\/\/oneupprod.com\/index.php?rest_route=%2Fwp%2Fv2%2Fmedia&parent=39"}],"curies":[{"name":"wp","href":"https:\/\/api.w.org\/{rel}","templated":true}]}}