{"id":138,"date":"2018-02-10T05:10:21","date_gmt":"2018-02-10T10:10:21","guid":{"rendered":"http:\/\/oneupprod.com\/?page_id=138"},"modified":"2022-07-20T01:05:14","modified_gmt":"2022-07-20T05:05:14","slug":"skate-jam","status":"publish","type":"page","link":"http:\/\/oneupprod.com\/?page_id=138","title":{"rendered":"Skate Jam"},"content":{"rendered":"<div id=\"pl-138\"  class=\"panel-layout\" ><div id=\"pg-138-0\"  class=\"panel-grid panel-no-style\" ><div id=\"pgc-138-0-0\"  class=\"panel-grid-cell\" ><div id=\"panel-138-0-0-0\" class=\"so-panel widget widget_headline-widget panel-first-child panel-last-child\" data-index=\"0\" >\t\t<h1>SKATE JAM<\/h1>\n\t\t<div class=\"decoration\"><div class=\"decoration-inside\"><\/div><\/div>\n\t\t<h3>Rimouski, QC - Depuis 2017<\/h3>\n\t\t<\/div><\/div><\/div><div id=\"pg-138-1\"  class=\"panel-grid panel-no-style\" ><div id=\"pgc-138-1-0\"  class=\"panel-grid-cell\" ><div id=\"panel-138-1-0-0\" class=\"so-panel widget widget_widget_sp_image widget_sp_image panel-first-child\" data-index=\"1\" ><img loading=\"lazy\" decoding=\"async\" width=\"720\" height=\"480\" class=\"attachment-large aligncenter\" style=\"max-width: 100%;\" srcset=\"http:\/\/oneupprod.com\/wp-content\/uploads\/2018\/02\/justice_049_low-1024x683.jpg 1024w, http:\/\/oneupprod.com\/wp-content\/uploads\/2018\/02\/justice_049_low-300x200.jpg 300w, http:\/\/oneupprod.com\/wp-content\/uploads\/2018\/02\/justice_049_low-768x512.jpg 768w, http:\/\/oneupprod.com\/wp-content\/uploads\/2018\/02\/justice_049_low-272x182.jpg 272w\" sizes=\"auto, (max-width: 720px) 100vw, 720px\" src=\"http:\/\/oneupprod.com\/wp-content\/uploads\/2018\/02\/justice_049_low-1024x683.jpg\" \/><\/div><div id=\"panel-138-1-0-1\" class=\"so-panel widget widget_widget_sp_image widget_sp_image panel-last-child\" data-index=\"2\" ><img loading=\"lazy\" decoding=\"async\" width=\"720\" height=\"482\" class=\"attachment-large aligncenter\" style=\"max-width: 100%;\" srcset=\"http:\/\/oneupprod.com\/wp-content\/uploads\/2018\/02\/justice_037_low-1024x686.jpg 1024w, http:\/\/oneupprod.com\/wp-content\/uploads\/2018\/02\/justice_037_low-300x201.jpg 300w, http:\/\/oneupprod.com\/wp-content\/uploads\/2018\/02\/justice_037_low-768x514.jpg 768w, http:\/\/oneupprod.com\/wp-content\/uploads\/2018\/02\/justice_037_low-272x182.jpg 272w, http:\/\/oneupprod.com\/wp-content\/uploads\/2018\/02\/justice_037_low.jpg 1845w\" sizes=\"auto, (max-width: 720px) 100vw, 720px\" src=\"http:\/\/oneupprod.com\/wp-content\/uploads\/2018\/02\/justice_037_low-1024x686.jpg\" \/><\/div><\/div><div id=\"pgc-138-1-1\"  class=\"panel-grid-cell\" ><div id=\"panel-138-1-1-0\" class=\"so-panel widget widget_text panel-first-child\" data-index=\"3\" ><h3 class=\"widget-title\">MISSION<\/h3>\t\t\t<div class=\"textwidget\"><p>La mission du SKATE JAM est de proposer un mariage entre la musique et le skateboard sous un m\u00eame toit, le temps d\u2019une journ\u00e9e. L&#8217;\u00e9v\u00e9nement a comme objectif de supporter la pratique de l\u2019activit\u00e9 physique pour les jeunes et moins jeunes en faisant d\u00e9couvrir la planche \u00e0 roulette, tout en proposant une programmation musicale qui vise \u00e0 supporter la communaut\u00e9 d\u2019artistes \u00e9mergents.<\/p>\n<\/div>\n\t\t<\/div><div id=\"panel-138-1-1-1\" class=\"so-panel widget widget_origin_button panel-last-child\" data-index=\"4\" ><div class=\"origin-widget origin-widget-button origin-widget-button-simple-orange align-center\"><a href=\"http:\/\/skatejam.ca\" target=\"_blank\" rel=\"noopener noreferrer\">\n\tSITE WEB<\/a>\n<\/div><\/div><\/div><\/div><\/div>","protected":false},"excerpt":{"rendered":"<p>La mission du SKATE JAM est de proposer un mariage entre la musique et le skateboard sous un m\u00eame toit, le temps d\u2019une journ\u00e9e. L&#8217;\u00e9v\u00e9nement a comme objectif de supporter la pratique de l\u2019activit\u00e9 physique pour les jeunes et moins jeunes en faisant d\u00e9couvrir la planche \u00e0 roulette, tout en proposant une programmation musicale qui [&hellip;]<\/p>\n","protected":false},"author":2,"featured_media":0,"parent":0,"menu_order":0,"comment_status":"closed","ping_status":"closed","template":"templates\/template-full-notitle.php","meta":{"footnotes":""},"class_list":["post-138","page","type-page","status-publish","hentry","post"],"_links":{"self":[{"href":"http:\/\/oneupprod.com\/index.php?rest_route=\/wp\/v2\/pages\/138","targetHints":{"allow":["GET"]}}],"collection":[{"href":"http:\/\/oneupprod.com\/index.php?rest_route=\/wp\/v2\/pages"}],"about":[{"href":"http:\/\/oneupprod.com\/index.php?rest_route=\/wp\/v2\/types\/page"}],"author":[{"embeddable":true,"href":"http:\/\/oneupprod.com\/index.php?rest_route=\/wp\/v2\/users\/2"}],"replies":[{"embeddable":true,"href":"http:\/\/oneupprod.com\/index.php?rest_route=%2Fwp%2Fv2%2Fcomments&post=138"}],"version-history":[{"count":18,"href":"http:\/\/oneupprod.com\/index.php?rest_route=\/wp\/v2\/pages\/138\/revisions"}],"predecessor-version":[{"id":207,"href":"http:\/\/oneupprod.com\/index.php?rest_route=\/wp\/v2\/pages\/138\/revisions\/207"}],"wp:attachment":[{"href":"http:\/\/oneupprod.com\/index.php?rest_route=%2Fwp%2Fv2%2Fmedia&parent=138"}],"curies":[{"name":"wp","href":"https:\/\/api.w.org\/{rel}","templated":true}]}}